2 + -18 - 6) + (3 - 1)?
10
What is -47 + (-16 - -30) + 20?
-13
Calculate (62 - 33) + (33 - 50).
12
What is the value of -1 + 10 + -15 + 1?
-5
What is the value of -25 + -2 + (16 - (-7 - -11))?
-15
Evaluate 1 + -6 - (-1 + 11 + (-19 - -8)).
-4
Calculate (29 + -18 - (7 + 35)) + 2.
-29
What is 1 - (0 - -1) - (-1034 - -1049)?
-15
-17 + (-9 - -6 - -7 - 5)
-18
Evaluate 4 + (13 - (-9 + 2)) + (-6 - -5).
23
Calculate (-8 - (-6 - 1)) + 10 + -2 + 9.
16
What is the value of (-5 - (6 + -6)) + -10 + 6?
-9
Evaluate 15 - (-12 + -3 - (-17 + 13)).
26
What is 0 + 61 + (-18 - 6)?
37
What is the value of (26 - 29) + 17 + 6 + -4 + 6?
22
3 + (2 - -3 - 7) + -3 - -2
0
Evaluate 38 - 26 - (4 - -6).
2
What is -20 + -7 + 0 + 6?
-21
Calculate (-4 - -5) + -1 + 0 + -4.
-4
What is the value of -12 + (-2 - -4) + 8 + -2 + -2?
-6
Evaluate (-6 - -6) + -2 + (-10 - (-9 - -6)).
-9
What is the value of -8 - (1 + -13 + 5 + 2)?
-3
What is the value of (0 + 6 - 13) + 2 - (2 - -1)?
-8
What is 49 + -52 - ((3 - -9) + -6)?
-9
What is 27 + 0 + -4 + (-11 + 6 - 1)?
17
16 - (-6 - (8 - 23)) - (-15 - -10)
12
Calculate 5 + (-15 - 20 - -16) + 2.
-12
What is 1 - -7 - (221 + -202)?
-11
-29 + (66 + -34 - -18)
21
What is 59 + -76 + (19 - 5)?
-3
Calculate -8 - (5 + -3 + (-4 + 8 - 6)).
-8
Calculate -76 + 57 + -11 + (16 - -1).
-13
Calculate (-8 + -8 - -16) + -4 + 1.
-3
(-73 - -97) + -10 + 1
15
What is the value of 2 + -2 + (-6 - 0 - 3 - 5)?
-14
What is the value of 17 - (-1 - -12 - (97 + -85))?
18
What is 237 - 213 - (2 + 46)?
-24
Calculate (6 - (7 + (-13 - -8))) + (-2 - -8).
10
What is (31 - 4 - 18) + -1?
8
-17 + -5 + 23 - -5
6
Evaluate -373 + 373 - (-13 - -1).
12
Calculate (-2 - 20) + (5 + 8 - 4).
-13
What is 3 + 14 + -15 - (7 - 21)?
16
What is (20 - (-7 - 7)) + 5 + -14?
25
What is 33 - (8 + 1 + -12) - 7?
29
What is 1 - (18 - 4 - 14)?
1
What is the value of -46 + 70 + -28 - (0 - -7)?
-11
Calculate -1 + 1 + (3 + -11 - -9).
1
Evaluate 2 + (-12 - -10) - 11.
-11
Evaluate 0 - 8 - (-34 - -11 - -16) - 12.
-13
What is the value of -4 + -2 - (214 - 204)?
-16
-24 + 25 - (22 + -13)
-8
Evaluate -12 + 3 - (-63 - (25 - 39)).
40
Evaluate (32 + -34 - (3 + -2)) + (-1 - 5).
-9
(7 - -7 - -31) + -65
-20
Evaluate (35 - (0 + 5)) + -8 + -7.
15
-28 + (23 + -16 - -7 - 11)
-25
(5 - -11) + -13 + 8
11
What is the value of (-30 - 2 - -20) + (-2 - -9)?
-5
What is the value of -5 - (46 + -21 + -13)?
-17
What is (-81 + 22 - -57) + 10 + 1?
9
Calculate (-3 - (-5 - (3 + 1))) + 3 - 37.
-28
Evaluate 5 - (-9 + -4 + 6 - 3).
15
What is the value of (-2 - (2 - 3)) + 6 - (1062 + -1049)?
-8
89 - (12 + (57 - 21))
41
What is the value of 8 + (0 - (5 - -18))?
-15
What is 1 - (8 + (0 - 4) + -4)?
1
Evaluate 4 + 6 + -1 - (23 + -33) - 5.
14
What is the value of (-10 - -5) + (2 - (1 - -2)) + 2?
-4
What is 10 - 43 - (-10 + 0 - (13 + -14))?
-24
Calculate (-6 - (-7 + 0)) + 27 - 6.
22
What is the value of -3 + 2 - 11 - (-462 + 454)?
-4
-6 + -12 - (0 - 1 - -1) - 5
-23
What is 3 - (-7 + 12 + 1 + 2)?
-5
What is the value of -4 + (-6 - -4) + (7 - 5)?
-4
What is -23 - (-26 + (4 - 16))?
15
Evaluate 5 - ((-5 + -3 - (-3 - -1)) + -3).
14
Evaluate (-5 - (-3 + 3)) + (7 + -1 - 1).
0
What is the value of (-2 + 10 - (-14 + -6 + 27)) + -12?
-11
(-12 - 9) + (0 + 2 - (-48 - -45))
-16
Evaluate (-37 - -21) + -5 - 6.
-27
10 - (12 - 15) - -1
14
Calculate -10 - (1 - 12 - (54 - 73)).
-18
(-25 - 15) + 32 + -1 + (-1 - -3)
-7
What is the value of 8 + -10 + -6 - 0?
-8
What is the value of 25 + 2 + -4 + -21?
2
Calculate (1 - -2 - 27 - -12) + 2.
-10
What is the value of (-1 - 4) + 13 + -45 + 44?
7
What is the value of -50 + 31 - (-9 + -7)?
-3
Calculate (-5 - (2 - 3)) + 5 + -3 + -2.
-4
Evaluate -53 + (-16 - -52) + 50.
33
Calculate 5 + 10 + (-22 - 2) + 4.
-5
Calculate -1 + -22 - (510 - 561).
28
(83 - 101) + 8 + 19
9
What is 14 + 9 + -28 + 11?
6
What is the value of -16 - ((9 + 0 + -8 - 12) + 2)?
-7
Calculate 18 - ((2 - (-3 - (-8 - 2))) + 8).
15
Evaluate (-13 - -12) + 11 + -4 + -8 + -6.
-8
What is the value of -6 - -13 - (20 - (5 + -5))?
-13
(10 - -5) + 22 + -10
27
Calculate -2 + 6 + 1 + -5 + -2 - -12.
10
Calculate 15 - 3 - (-130 + 130).
12
What is the value of -10 - (8 + -29) - 26?
-15
-1 + 8 - ((28 - (39 - 15)) + 22)
-19
What is 6 + 9 + -70 + 38?
-17
What is (-24 + (-4 - -1) - -12) + 3 + 1?
-11
What is the value of 1 + -1 + -2 - (182 - 176) - -5?
-3
What is the value of -1460 - -1489 - (2 + (1 - 1))?
27
What is (-25 - -15 - (-2 + 2)) + 5 + -1?
-6
Evaluate 21 + -23 - (1 + 4).
-7
Calculate 6 + -2 + (53 - 57).
0
1 + (23 + -1 - (-29 + 47))
5
5 - -4 - -29 - 21
17
Evaluate 7 + 8 + -13 + -6.
-4
Calculate 5 + -29 - (-25 - -20).
-19
What is the value of 24 + -41 - (-5 - 15)?
3
What is the value of -29 + 0 + (653 - 651)?
-27
Calculate 0 + ((2 - -14) + 1 + -4 - -5).
18
-5 + -4 + -6 + (4 - -3) + -15
-23
What is the value of -203 + 172 + 25 + 2?
-4
Evaluate -5 + -4 + 6 + -21 + 4.
-20
Calculate (-2 + -3 + 2 - (-213 - -213)) + -15.
-18
(13 - 9) + (-11 - -6) + (-1 - -3)
1
36 + (7 - 40) - (6 - 0)
-3
Calculate -7 + (25 - (2 - -3)).
13
Evaluate 12 + (-15 - -51) + -11.
37
What is -16 + -1 + (135 - 120) + (-1 - 0)?
-3
Evaluate (0 - -8 - 2) + (-5 - 0).
1
Evaluate (-1 - 3) + 1 - ((3 - 6) + 5).
-5
Calculate -2 - (7 - 9) - 6.
-6
What is 3 + (86 - 88 - (27 - (-3 + 4)))?
-25
What is -3 + -2 + (18 - (24 - 6))?
-5
What is the value of (-87 + 86 - (-1 + 0 + 2)) + -1?
-3
What is the value of (9 - 14) + 1 - -20?
16
Evaluate (-1 - -4 - (-35 + 39)) + 7 - -7.
13
2 + (8 - -6) - 11
5
What is -6 + 0 + -55 + 54 - (-3 + 12)?
-16
What is (7 - 0) + -6 + (-2 - -1) + 11?
11
Evaluate (0 - 2) + -19 + 0 + -711 + 715.
-17
Calculate (-15 - 8) + 6 - (-11 + (18 - 9)).
-15
0 + 3 + -3 + 1
1
Evaluate 6 + 3 + 15 + -3.
21
What is the value of 4 + -26 + 3 + -15 + (15 - -7)?
-12
What is the value of (6 - -13) + -11 + (-29 - 3)?
-24
Evaluate -7 + 0 + -11 + (7 - 7).
-18
Evaluate -20 - (-4 + (12 - 14 - 4)).
-10
What is the value of -36 + 91 + -38 - 1?
16
Evaluate 29 - (32 + -3 + -22).
22
What is the value of -12 + (2 - (14 + -2) - (0 - 3))?
-19
4 - (7 + -15 + 1) - 5
6
What is 5 + (-18 + 5 - -8) - (-2 + 34)?
-32
What is the value of 16 - 2 - 39 - (5 - 6)?
-24
What is the value of 34 + -13 + -2 + 0?
19
Calculate -6 - (-8 + 9 + 5).
-12
Calculate 2 + 5 - 4 - 10 - (12 - -9).
-28
Evaluate -1 + 8 + -1 - (3 - 3 - 23).
29
Calculate 2 + -12 + 8 + 8.
6
What is the value of -47 + 97 + (-13 - 0) + -3?
34
(-11 - (-5 + 12)) + 8 + 1
-9
Evaluate -218 + 188 + (6 - -2).
-22
What is -20 + -11 + 12 + (2 - -3)?
-14
What is the value of 1 + (26 + 44 - 38)?
33
Evaluate (8 + -3 - 8) + 1 + -9 + 6.
-5
What is -13 + -2 - (3 - 2 - (-28 - -34))?
-10
What is the value of -3 + 6 + (6 - 24) - (6 + 0)?
-21
Evaluate -12 - (-44 + 1 + (145 - 136)).
22
16 + -12 + 9 + -12
1
1 - -7 - (-27 + 52 + -22 + -15)
20
0 - (149 + -153 - (-15 + 0))
-11
Evaluate (14 - (-6 - -22)) + -12 + -16.
-30
-4 + 14 - (44 + -25 + -23)
14
Calculate 21 - 24 - -12 - 2.
7
Evaluate 1 + 26 + 0 + -3426 + 3426.
27
What is -7 + 1 - (56 + (-70 - 0))?
8
Calculate -33 + 39 - (42 + -17).
-19
3 - (-6 + -5) - (47 - 34)
1
What is 14 + -7 + 2 + -17 - 3?
-11
What is the value of -7 - (5 + -7) - 2?
-7
Calculate -16 + 12 - (-6 + -4 + 7).
-1
4 - 5 - (-6 - 6)
11
What is -6 - (-30 + (12 - -6)) - 6?
0
What is 12 + -16 + 24 + -17 + 10?
13
(13 - (-38 + 22)) + -21
8
What is the value of 25 - (15 + -22 - -28)?
4
(44 - 32) + 2 + (0 - 5)
9
-45 + 20 + (-1 - (-9 + 0))
-17
What is -2 + (2 - (-5 - -1)) - (534 + -529)?
-1
Evaluate 11 + 1 - (20 - (20 + 0 + -7)).
5
What is the value of 19 + -19 + 5 + -2 + 4?
7
What is 7 + (-1 - 0 - -2) - (-218 - -221)?
5
What is the value of -8 + 12 + -6 - (1 + 12 + -3)?
-12
-15 + -6 + 31 + -32
-22
What is 6 + -9 + -9 + 6 + 2?
-4
What is -5 + 3 + (0 - -17) - 36?
-21
(-4 - (-5 + (2 + -1 - -1))) + -7
-8
1 + 12 + -30 + 32
15
Evaluate -2 + 18 - (64 - 53).
5
Evaluate 11 + 1 + 73 + -78.
7
-5 - (-21 - (6 + -21))
1
What is -7 - -17 - ((-27 - -20) + -2 + 10)?
9
Evaluate 7 + (-14 - -10) + -7 + -6.
-10
What is the value of 6 + -6 - (16 - (7 - (7 - 3)))?
-13
Evaluate -5 - ((5 - 0) + -22 + 23 + -1).
-10
Calculate 1 - (2 - 2) - (-31 - -9 - -24).
-1
Calculate -8 - (22 + -8 + -6 - 28).
12
Evaluate -21 - ((29 - 20) + -1).
-29
Evaluate -2 + -17 + (-94 - -123).
10
What is the value of 8 + (-22 - -15) + 21?
22
Calculate -6 + -1